at is the remainder when 599 is divided by 101?
94
What is the remainder when 90 is divided by 33?
24
Calculate the remainder when 929 is divided by 20.
9
Calculate the remainder when 4119 is divided by 121.
5
Calculate the remainder when 593 is divided by 119.
117
Calculate the remainder when 152 is divided by 52.
48
What is the remainder when 39 is divided by 29?
10
Calculate the remainder when 759 is divided by 95.
94
What is the remainder when 476 is divided by 19?
1
Calculate the remainder when 439 is divided by 26.
23
Calculate the remainder when 1278 is divided by 7.
4
Calculate the remainder when 339 is divided by 88.
75
What is the remainder when 28 is divided by 8?
4
What is the remainder when 1077 is divided by 13?
11
Calculate the remainder when 71 is divided by 13.
6
What is the remainder when 264 is divided by 69?
57
What is the remainder when 1005 is divided by 9?
6
Calculate the remainder when 1166 is divided by 7.
4
What is the remainder when 4970 is divided by 11?
9
What is the remainder when 37364 is divided by 14?
12
Calculate the remainder when 2817 is divided by 36.
9
What is the remainder when 769 is divided by 27?
13
What is the remainder when 61 is divided by 37?
24
What is the remainder when 5629 is divided by 46?
17
What is the remainder when 428 is divided by 36?
32
Calculate the remainder when 13692 is divided by 11.
8
What is the remainder when 299 is divided by 78?
65
What is the remainder when 2132 is divided by 83?
57
Calculate the remainder when 9246 is divided by 514.
508
Calculate the remainder when 679 is divided by 221.
16
What is the remainder when 1415 is divided by 279?
20
What is the remainder when 682 is divided by 229?
224
What is the remainder when 64 is divided by 11?
9
What is the remainder when 1633 is divided by 10?
3
Calculate the remainder when 4415 is divided by 130.
125
Calculate the remainder when 1973 is divided by 79.
77
What is the remainder when 107 is divided by 34?
5
Calculate the remainder when 2441 is divided by 74.
73
Calculate the remainder when 1474 is divided by 296.
290
Calculate the remainder when 195 is divided by 28.
27
What is the remainder when 594 is divided by 85?
84
What is the remainder when 194 is divided by 72?
50
What is the remainder when 68 is divided by 44?
24
What is the remainder when 193 is divided by 151?
42
Calculate the remainder when 1155 is divided by 572.
11
Calculate the remainder when 508 is divided by 4.
0
What is the remainder when 914 is divided by 298?
20
Calculate the remainder when 423 is divided by 141.
0
Calculate the remainder when 3533 is divided by 154.
145
What is the remainder when 3134 is divided by 64?
62
What is the remainder when 620 is divided by 24?
20
Calculate the remainder when 1400 is divided by 9.
5
Calculate the remainder when 4428 is divided by 1104.
12
Calculate the remainder when 708 is divided by 79.
76
What is the remainder when 730 is divided by 205?
115
Calculate the remainder when 571 is divided by 262.
47
What is the remainder when 72 is divided by 16?
8
Calculate the remainder when 141 is divided by 6.
3
Calculate the remainder when 1059 is divided by 350.
9
What is the remainder when 983 is divided by 49?
3
What is the remainder when 83 is divided by 20?
3
Calculate the remainder when 242 is divided by 29.
10
What is the remainder when 18373 is divided by 23?
19
What is the remainder when 300 is divided by 70?
20
Calculate the remainder when 70 is divided by 9.
7
Calculate the remainder when 25 is divided by 23.
2
What is the remainder when 1508 is divided by 374?
12
Calculate the remainder when 2999 is divided by 1494.
11
Calculate the remainder when 532 is divided by 176.
4
Calculate the remainder when 173 is divided by 8.
5
What is the remainder when 6211 is divided by 13?
10
Calculate the remainder when 60 is divided by 24.
12
What is the remainder when 28 is divided by 10?
8
Calculate the remainder when 187 is divided by 53.
28
What is the remainder when 144 is divided by 16?
0
Calculate the remainder when 819 is divided by 313.
193
Calculate the remainder when 1911 is divided by 8.
7
What is the remainder when 99 is divided by 48?
3
Calculate the remainder when 31 is divided by 20.
11
Calculate the remainder when 509 is divided by 64.
61
Calculate the remainder when 107 is divided by 16.
11
Calculate the remainder when 121 is divided by 29.
5
Calculate the remainder when 135 is divided by 25.
10
Calculate the remainder when 662 is divided by 217.
11
What is the remainder when 204 is divided by 100?
4
Calculate the remainder when 9857 is divided by 159.
158
What is the remainder when 66 is divided by 31?
4
Calculate the remainder when 17263 is divided by 194.
191
Calculate the remainder when 148 is divided by 29.
3
Calculate the remainder when 423 is divided by 147.
129
What is the remainder when 3514 is divided by 69?
64
Calculate the remainder when 6267 is divided by 37.
14
What is the remainder when 1274 is divided by 80?
74
What is the remainder when 85 is divided by 79?
6
What is the remainder when 20 is divided by 7?
6
Calculate the remainder when 149 is divided by 64.
21
Calculate the remainder when 105 is divided by 22.
17
Calculate the remainder when 109 is divided by 26.
5
Calculate the remainder when 143 is divided by 17.
7
What is the remainder when 6012 is divided by 97?
95
Calculate the remainder when 536 is divided by 3.
2
What is the remainder when 417 is divided by 410?
7
Calculate the remainder when 628 is divided by 41.
13
What is the remainder when 223 is divided by 8?
7
What is the remainder when 127 is divided by 64?
63
Calculate the remainder when 791 is divided by 13.
11
Calculate the remainder when 47 is divided by 8.
7
What is the remainder when 168 is divided by 13?
12
What is the remainder when 147 is divided by 37?
36
Calculate the remainder when 7067 is divided by 57.
56
What is the remainder when 1970 is divided by 7?
3
What is the remainder when 4047 is divided by 30?
27
What is the remainder when 21 is divided by 2?
1
Calculate the remainder when 4051 is divided by 64.
19
What is the remainder when 156 is divided by 13?
0
Calculate the remainder when 196 is divided by 146.
50
What is the remainder when 296 is divided by 50?
46
Calculate the remainder when 54 is divided by 7.
5
Calculate the remainder when 30 is divided by 8.
6
What is the remainder when 480 is divided by 118?
8
What is the remainder when 7460 is divided by 12?
8
Calculate the remainder when 810 is divided by 116.
114
Calculate the remainder when 450 is divided by 166.
118
What is the remainder when 1331 is divided by 406?
113
Calculate the remainder when 148 is divided by 51.
46
Calculate the remainder when 66 is divided by 20.
6
What is the remainder when 565 is divided by 563?
2
Calculate the remainder when 4894 is divided by 144.
142
Calculate the remainder when 1617 is divided by 16.
1
Calculate the remainder when 6847 is divided by 5.
2
What is the remainder when 172 is divided by 5?
2
What is the remainder when 230 is divided by 94?
42
Calculate the remainder when 1047 is divided by 28.
11
Calculate the remainder when 154 is divided by 144.
10
What is the remainder when 257 is divided by 16?
1
Calculate the remainder when 302 is divided by 77.
71
What is the remainder when 301 is divided by 201?
100
Calculate the remainder when 1782 is divided by 882.
18
Calculate the remainder when 46 is divided by 36.
10
Calculate the remainder when 86 is divided by 23.
17
What is the remainder when 406 is divided by 70?
56
What is the remainder when 199 is divided by 58?
25
Calculate the remainder when 798 is divided by 77.
28
What is the remainder when 60716 is divided by 506?
502
What is the remainder when 2064 is divided by 39?
36
Calculate the remainder when 267 is divided by 132.
3
What is the remainder when 11439 is divided by 39?
12
What is the remainder when 1376 is divided by 53?
51
What is the remainder when 3091 is divided by 46?
9
What is the remainder when 155 is divided by 80?
75
What is the remainder when 709 is divided by 26?
7
What is the remainder when 41 is divided by 10?
1
What is the remainder when 70 is divided by 24?
22
What is the remainder when 322 is divided by 31?
12
Calculate the remainde